{"id":86,"date":"2013-04-28T18:04:16","date_gmt":"2013-04-28T16:04:16","guid":{"rendered":"http:\/\/www.insane-tom-93.de\/wordpress\/?page_id=86"},"modified":"2014-08-18T21:45:30","modified_gmt":"2014-08-18T19:45:30","slug":"news","status":"publish","type":"page","link":"http:\/\/www.insanecrew-93.de\/?page_id=86","title":{"rendered":"News"},"content":{"rendered":"<p><strong>Hallo Freunde der INSANE CREW<\/strong><\/p>\n<p>hier k\u00f6nnt Ihr Euch \u00fcber wissenswerte Neuigkeiten um und \u00fcber die <strong>INSANE CREW <\/strong>informieren.<br \/>\n<strong><\/strong>Einfach die Meldung die Euch interessiert anklicken um sie ganz lesen zu k\u00f6nnen<\/p>\n<p>Viel Spass dabei !<\/p>\n","protected":false},"excerpt":{"rendered":"<p>Hallo Freunde der INSANE CREW hier k\u00f6nnt Ihr Euch \u00fcber wissenswerte Neuigkeiten um und \u00fcber die INSANE CREW informieren. Einfach die Meldung die Euch interessiert anklicken um sie ganz lesen zu k\u00f6nnen Viel Spass dabei !<\/p>\n","protected":false},"author":1,"featured_media":0,"parent":0,"menu_order":23,"comment_status":"closed","ping_status":"closed","template":"","meta":{"ngg_post_thumbnail":0,"footnotes":""},"class_list":["post-86","page","type-page","status-publish","hentry"],"_links":{"self":[{"href":"http:\/\/www.insanecrew-93.de\/index.php?rest_route=\/wp\/v2\/pages\/86","targetHints":{"allow":["GET"]}}],"collection":[{"href":"http:\/\/www.insanecrew-93.de\/index.php?rest_route=\/wp\/v2\/pages"}],"about":[{"href":"http:\/\/www.insanecrew-93.de\/index.php?rest_route=\/wp\/v2\/types\/page"}],"author":[{"embeddable":true,"href":"http:\/\/www.insanecrew-93.de\/index.php?rest_route=\/wp\/v2\/users\/1"}],"replies":[{"embeddable":true,"href":"http:\/\/www.insanecrew-93.de\/index.php?rest_route=%2Fwp%2Fv2%2Fcomments&post=86"}],"version-history":[{"count":19,"href":"http:\/\/www.insanecrew-93.de\/index.php?rest_route=\/wp\/v2\/pages\/86\/revisions"}],"predecessor-version":[{"id":2240,"href":"http:\/\/www.insanecrew-93.de\/index.php?rest_route=\/wp\/v2\/pages\/86\/revisions\/2240"}],"wp:attachment":[{"href":"http:\/\/www.insanecrew-93.de\/index.php?rest_route=%2Fwp%2Fv2%2Fmedia&parent=86"}],"curies":[{"name":"wp","href":"https:\/\/api.w.org\/{rel}","templated":true}]}}